{"id":1810,"date":"2020-06-25T07:07:25","date_gmt":"2020-06-25T12:07:25","guid":{"rendered":"https:\/\/www.ecoweb.com.co\/midas\/?page_id=1810"},"modified":"2020-11-04T08:01:28","modified_gmt":"2020-11-04T13:01:28","slug":"quienes-somos","status":"publish","type":"page","link":"https:\/\/www.jardinecotours.com\/english\/quienes-somos\/","title":{"rendered":"Quienes somos"},"content":{"rendered":"<p>[vc_row][vc_column][rev_slider_vc alias=\u00bbquienes-somos\u00bb][\/vc_column][\/vc_row][vc_row css=\u00bb.vc_custom_1603213630701{padding-top: 130px !important;padding-right: 60px !important;padding-bottom: 130px !important;padding-left: 60px !important;background-image: url(https:\/\/www.jardinecotours.com\/wp-content\/uploads\/2020\/10\/foondo.jpg?id=3015) !important;}\u00bb][vc_column][vc_row_inner content_placement=\u00bbmiddle\u00bb][vc_column_inner width=\u00bb1\/2&#8243; css=\u00bb.vc_custom_1603213758622{padding-right: 5% !important;}\u00bb][vc_column_text]<img loading=\"lazy\" class=\"alignnone size-medium wp-image-3017\" src=\"https:\/\/www.jardinecotours.com\/wp-content\/uploads\/2020\/10\/nosotros.png\" alt=\"\" width=\"100%\" height=\"NaN\" srcset=\"https:\/\/www.jardinecotours.com\/english\/wp-content\/uploads\/2020\/10\/nosotros.png 999w, https:\/\/www.jardinecotours.com\/english\/wp-content\/uploads\/2020\/10\/nosotros-300x240.png 300w, https:\/\/www.jardinecotours.com\/english\/wp-content\/uploads\/2020\/10\/nosotros-768x615.png 768w\" sizes=\"(max-width: 999px) 100vw, 999px\" \/>[\/vc_column_text][\/vc_column_inner][vc_column_inner width=\u00bb1\/2&#8243; css=\u00bb.vc_custom_1603213799732{padding-left: 5% !important;}\u00bb][vc_column_text]<\/p>\n<h1 class=\"text-xlg text-bolder color-blue\" style=\"margin: 0px; font-weight: 400; font-size: 13pt; text-align: left; color: #000; text-transform: none;\">Jard\u00edn Ecotours<\/h1>\n<p>[\/vc_column_text][vc_column_text]<\/p>\n<h1 class=\"text-xlg text-bolder color-blue\" style=\"margin: 0px; font-weight: 800; font-size: 18pt; text-align: left; color: #000; text-transform: none;\">QUI\u00c9NES SOMOS<\/h1>\n<p>[\/vc_column_text][vc_column_text css=\u00bb.vc_custom_1603288935976{padding-top: 5% !important;}\u00bb]<\/p>\n<p class=\"text-ppl\" style=\"text-align: justify; color: #000; font-weight: 300; font-size: 13pt;\">Somos una agencia operadora de viajes y turismo, comprometida con la calidad y el servicio a nuestros usuarios, en el marco del desarrollo sostenible y la consciencia ambiental.<\/p>\n<p>[\/vc_column_text][vc_column_text css=\u00bb.vc_custom_1603309430944{padding-top: 3% !important;}\u00bb]<\/p>\n<p style=\"text-align: left; margin-top: 5px;\"><a class=\"button bg-blue color-white\" style=\"background-color: #5c8530; color: #fff !important; border: #93c645 !important;\" href=\"https:\/\/api.whatsapp.com\/send?phone=573113730631&amp;text=Hola,%20tengo%20una%20solicitud\">Cont\u00e1ctenos<\/a><\/p>\n<p>[\/vc_column_text][\/vc_column_inner][\/vc_row_inner][\/vc_column][\/vc_row][vc_row full_width=\u00bbstretch_row_content_no_spaces\u00bb css=\u00bb.vc_custom_1603837030960{padding-top: 50px !important;padding-bottom: 50px !important;background-color: #5c8630 !important;}\u00bb][vc_column][vc_column_text css=\u00bb.vc_custom_1603837237551{padding-left: 5% !important;}\u00bb]<\/p>\n<h1 class=\"text-xlg text-bolder1 color-blue\" style=\"margin: 0px; font-weight: 800; font-size: 18pt; text-align: left; color: #fff; text-transform: none;\">TURISMO CONSCIENTE<\/h1>\n<p>[\/vc_column_text][vc_column_text css=\u00bb.vc_custom_1603837415519{padding-top: 3% !important;padding-right: 5% !important;padding-left: 5% !important;}\u00bb]<\/p>\n<p class=\"text-ppl\" style=\"text-align: justify; color: #fff; font-weight: 300; font-size: 13pt;\">A nivel global se han universalizado los ODS (Objetivos de Desarrollo Sostenible), con los que se pretende hacer del mundo un mejor lugar para vivir: m\u00e1s humano, respetuoso de las diferencias culturales y las minor\u00edas; factores ambientales y socioecon\u00f3micos que nos contextualicen en una relaci\u00f3n m\u00e1s arm\u00f3nica con los ecosistemas y la biodiversidad.<br \/>\nEn la actualidad, cuando el planeta nos reclama cambios profundos en los sistemas productivos, en nuestro comportamiento y en la manera de habitar el mundo, es necesario despertar nuestra consciencia (viviendo aqu\u00ed y ahora), siendo cuidadosos con el entorno, las ciudades, las personas y con cada ser vivo que encontramos en este paso por la vida.<br \/>\nEs por ello que Jard\u00edn Eco-Tours, los invita a disfrutar, a viajar y a conocer la magia de este hermoso pa\u00eds, pero con responsabilidad, respeto, protecci\u00f3n y dejando cada lugar mejor de lo que lo encontramos<\/p>\n<p>[\/vc_column_text][\/vc_column][\/vc_row]<\/p>\n","protected":false},"excerpt":{"rendered":"<p>[vc_row][vc_column][rev_slider_vc alias=\u00bbquienes-somos\u00bb][\/vc_column][\/vc_row][vc_row css=\u00bb.vc_custom_1603213630701{padding-top: 130px !important;padding-right: 60px !important;padding-bottom: 130px !important;padding-left: 60px !important;background-image: url(https:\/\/www.jardinecotours.com\/wp-content\/uploads\/2020\/10\/foondo.jpg?id=3015) !important;}\u00bb][vc_column][vc_row_inner content_placement=\u00bbmiddle\u00bb][vc_column_inner width=\u00bb1\/2&#8243; css=\u00bb.vc_custom_1603213758622{padding-right: 5% !important;}\u00bb][vc_column_text][\/vc_column_text][\/vc_column_inner][vc_column_inner width=\u00bb1\/2&#8243; css=\u00bb.vc_custom_1603213799732{padding-left:&#8230;<\/p>\n","protected":false},"author":1,"featured_media":0,"parent":0,"menu_order":0,"comment_status":"closed","ping_status":"closed","template":"","meta":[],"_links":{"self":[{"href":"https:\/\/www.jardinecotours.com\/english\/wp-json\/wp\/v2\/pages\/1810"}],"collection":[{"href":"https:\/\/www.jardinecotours.com\/english\/wp-json\/wp\/v2\/pages"}],"about":[{"href":"https:\/\/www.jardinecotours.com\/english\/wp-json\/wp\/v2\/types\/page"}],"author":[{"embeddable":true,"href":"https:\/\/www.jardinecotours.com\/english\/wp-json\/wp\/v2\/users\/1"}],"replies":[{"embeddable":true,"href":"https:\/\/www.jardinecotours.com\/english\/wp-json\/wp\/v2\/comments?post=1810"}],"version-history":[{"count":52,"href":"https:\/\/www.jardinecotours.com\/english\/wp-json\/wp\/v2\/pages\/1810\/revisions"}],"predecessor-version":[{"id":3477,"href":"https:\/\/www.jardinecotours.com\/english\/wp-json\/wp\/v2\/pages\/1810\/revisions\/3477"}],"wp:attachment":[{"href":"https:\/\/www.jardinecotours.com\/english\/wp-json\/wp\/v2\/media?parent=1810"}],"curies":[{"name":"wp","href":"https:\/\/api.w.org\/{rel}","templated":true}]}}